
Let l(r) = r**2 - 7*r - 12. Determine l(0).
-12
Let b(a) = -a**2 + 55*a - 270. Calculate b(49).
24
Let l(n) = n**2 + 47*n + 537. Calculate l(-22).
-13
Let b(s) = 2*s**3 - 42*s - 7. Calculate b(7).
385
Let j(m) = m**3 + 46*m**2 - 66*m - 3011. Calculate j(-46).
25
Let w(j) = 5*j**2 + 33*j - 14. Give w(-6).
-32
Let h(r) = 177*r + 8382. Give h(-49).
-291
Let v(x) = -x**3 - 24*x**2 - 155*x - 4. Calculate v(-8).
212
Let h(z) = 823*z + 1600. What is h(-2)?
-46
Let r(h) = 3*h - 169. Give r(60).
11
Let f(a) = -a**3 - 8*a**2 - 25*a - 18. What is f(-7)?
108
Let u(s) = 4*s**3 + 144*s**2 - 14*s - 7. Determine u(-36).
497
Let o(h) = h**2 + h - 221. Determine o(16).
51
Let p(n) = -3*n**2 - 8*n + 33. What is p(9)?
-282
Let x(s) = -s**3 + 45*s**2 + 309*s - 14. Calculate x(51).
139
Let g(s) = 2*s**3 + 31*s**2 + 60*s + 225. Calculate g(-14).
-27
Let t(r) = -r**2 - 38*r - 511. What is t(-27)?
-214
Let l(r) = 88*r - 273. Calculate l(3).
-9
Let g(c) = 7*c**2 - 44*c + 5. Determine g(6).
-7
Let g(m) = -9*m - 1380. Determine g(-152).
-12
Let i(b) = -48*b**3 - 3*b**2 - 7*b + 11. Calculate i(1).
-47
Let z(m) = m**2 + 87*m + 485. Determine z(-6).
-1
Let z(d) = -d**3 - 19*d**2 - 60*d - 189. Calculate z(-16).
3
Let z(m) = 63*m - 1080. What is z(17)?
-9
Let z(m) = 227*m - 6568. Give z(29).
15
Let q(l) = 2*l**3 - 56*l**2 - 4*l + 112. Calculate q(28).
0
Let h(f) = 2*f**2 - 89*f - 156. Calculate h(31).
-993
Let f(n) = -n**3 - 35*n**2 + 101*n + 2371. What is f(-36)?
31
Let y(j) = 2*j**3 - 76*j**2 + 6*j - 18. What is y(38)?
210
Let x(h) = -h**3 - 8*h**2 - 43*h - 456. Calculate x(-9).
12
Let c(u) = -u**3 + 2*u**2 - 5*u - 15. Determine c(0).
-15
Let s(c) = -c**3 + 44*c**2 + 245*c - 8. Determine s(49).
-8
Let p(g) = -129*g - 1162. Determine p(-9).
-1
Let q(w) = 117*w - 929. What is q(8)?
7
Let b(m) = m**3 - 12*m**2 + 56*m - 371. Give b(10).
-11
Let w(z) = -417*z - 13339. Calculate w(-32).
5
Let w(h) = -5*h - 695. Calculate w(27).
-830
Let p(j) = -7*j**2 + 12*j + 29. Determine p(0).
29
Let w(r) = 635*r - 33022. Calculate w(52).
-2
Let b(m) = 148*m + 6050. Determine b(-41).
-18
Let v(a) = -50*a + 1637. Determine v(33).
-13
Let k(h) = h**3 + 100*h**2 + 981*h + 12. Give k(-11).
-10
Let p(k) = -5406*k - 10813. Give p(-2).
-1
Let t(y) = 4*y**2 - 319*y - 13734. Determine t(-31).
-1
Let o(v) = 55*v + 300. Give o(-6).
-30
Let l(i) = 4*i**3 + 22*i**2 + 40*i + 3. Give l(-2).
-21
Let p(i) = i**2 + 110*i + 1995. Determine p(-87).
-6
Let d(f) = f**3 - 60*f**2 - 703*f - 25. Give d(-10).
5
Let j(k) = -2*k**2 + 1056*k - 2117. Determine j(2).
-13
Let p(k) = -k**2 + 16*k - 9. Calculate p(14).
19
Let r(n) = -10*n - 113. Calculate r(-7).
-43
Let b(i) = -2*i + 152. Determine b(-15).
182
Let p(t) = 31*t - 843. Calculate p(26).
-37
Let y(w) = 24*w + 377. Give y(-4).
281
Let c(t) = -t**3 + 2*t**2 + 10*t - 64. Calculate c(6).
-148
Let g(n) = -n**2 + 83*n - 1447. Give g(57).
35
Let f(s) = -2*s**2 - 908*s - 53746. Calculate f(-384).
14
Let l(r) = -r**2 + 57*r - 468. Give l(11).
38
Let p(k) = 8*k**2 + 25*k + 119. Give p(-4).
147
Let o(q) = -2*q**3 + 10*q**2 + 14*q - 8. What is o(4)?
80
Let u(f) = 569*f + 1140. Determine u(-2).
2
Let t(r) = -560*r - 2796. Calculate t(-5).
4
Let n(b) = 3*b**2 + 93*b + 6. Calculate n(-31).
6
Let r(q) = 20*q - 3755. Calculate r(187).
-15
Let a(x) = -3*x**2 + 61*x + 1497. Give a(-14).
55
Let o(m) = m**3 + 44*m**2 + 476*m - 179. Determine o(-22).
-3
Let m(v) = v**2 - 914*v - 1826. Give m(-2).
6
Let o(l) = 156*l**3 - 4*l**2 - 2*l + 1. Calculate o(-1).
-157
Let j(m) = m**3 - 10*m**2 + m + 136. Calculate j(6).
-2
Let y(o) = -o**2 + 1407*o - 9798. Give y(7).
2
Let x(c) = -170*c - 193. What is x(-1)?
-23
Let q(b) = b**3 - 18*b**2 + 89*b - 101. Give q(10).
-11
Let f(m) = 343*m - 8220. Give f(24).
12
Let h(x) = 2*x**2 + 68*x - 79. Calculate h(-36).
65
Let k(z) = z**2 + 80*z + 1364. Give k(-59).
125
Let v(b) = -b**3 + 35*b**2 - 3*b + 70. Give v(35).
-35
Let j(q) = -360*q + 6079. Calculate j(17).
-41
Let b(p) = 5*p**2 + 76*p - 362. Determine b(5).
143
Let a(b) = -b**3 - 6*b**2 - 5*b - 40. Calculate a(-8).
128
Let q(l) = l**3 - 45*l**2 + 405*l + 357. What is q(32)?
5
Let w(x) = x**2 + 32*x + 234. Determine w(-21).
3
Let m(n) = -67*n - 810. Determine m(-15).
195
Let f(j) = 12*j**2 + 159*j + 11. Calculate f(-9).
-448
Let m(f) = -3820*f - 3800. Give m(-1).
20
Let a(b) = -b**2 + 32*b - 145. What is a(32)?
-145
Let m(s) = 156*s - 2674. Calculate m(17).
-22
Let j(a) = -a**3 + 44*a**2 - 36*a - 1. Give j(43).
300
Let n(r) = -2*r**2 + 100*r + 227. Calculate n(54).
-205
Let a(q) = 26*q - 3252. Calculate a(125).
-2
Let z(d) = d**3 - 28*d**2 + 8*d - 214. Calculate z(28).
10
Let a(y) = -240*y - 5032. What is a(-21)?
8
Let w(u) = 381*u + 1539. Give w(-4).
15
Let p(v) = 11*v - 140. Calculate p(-21).
-371
Let p(h) = h**2 - 31*h - 63. Calculate p(32).
-31
Let q(p) = 1012*p - 8090. Calculate q(8).
6
Let v(u) = u**2 - 49*u - 268. Calculate v(-5).
2
Let h(c) = -46*c + 2085. Determine h(45).
15
Let d(o) = 25*o + 1180. Give d(-48).
-20
Let y(r) = 3*r**2 + 127*r - 1224. Calculate y(8).
-16
Let x(c) = 2*c**2 - 3*c + 16. Determine x(0).
16
Let v(b) = -80*b**2 - 79*b - 158. What is v(-2)?
-320
Let v(j) = -13*j**3 + 59*j**2 + 223*j + 8. Determine v(7).
1
Let v(a) = 87*a + 272. Determine v(-3).
11
Let n(y) = 4*y**2 - 262*y + 2930. Determine n(51).
-28
Let m(v) = 160*v - 2611. Give m(17).
109
Let x(l) = -13*l - 453. Calculate x(-36).
15
Let l(i) = 179*i - 1079. What is l(6)?
-5
Let k(q) = -3*q**3 + 177*q**2 + 10*q - 509. What is k(59)?
81
Let z(f) = 146*f - 4808. What is z(33)?
10
Let k(r) = r**3 + 19*r**2 + 30*r. What is k(-18)?
-216
Let q(v) = -20*v**2 - 27*v - 12. Give q(-5).
-377
Let c(z) = -z**2 - 2*z + 22. Determine c(9).
-77
Let q(r) = 2*r**3 + 19*r**2 - 12*r + 18. Determine q(-8).
306
Let n(l) = 33*l**3 + 8*l**2 - l - 18. Determine n(2).
276
Let x(o) = o**3 - 9*o**2 + 7*o + 33. Calculate x(11).
352
Let d(u) = -17*u + 1495. What is d(69)?
322
Let m(k) = 38*k**2 - 224*k - 13. What is m(6)?
11
Let d(m) = -m**3 - 23*m**2 - 56*m + 9. What is d(-20)?
-71
Let z(n) = 116*n + 48. Calculate z(1).
164
Let s(f) = 2*f**3 - 2*f**2 + 7*f - 13. Calculate s(0).
-13
Let h(v) = -3*v**3 + 53*v**2 + 203*v + 150. What is h(21)?
3
Let l(d) = d**3 - 34*d**2 + 239*d + 11. Calculate l(10).
1
Let w(c) = -23*c**2 - 277*c - 45. Calculate w(-12).
-33
Let f(g) = 78*g + 3. Determine f(-1).
-75
Let m(t) = -t**3 + 28*t**2 + 76*t - 465. Calculate m(30).
15
Let v(k) = k**3 + 184*k**2 - 376*k - 749. Calculate v(-186).
-5
Let g(h) = -h**3 - 48*h**2 + 97*h - 272. What is g(-50)?
-122
Let j(v) = 38*v**2 + 2*v - 7. Determine j(2).
149
Let r(x) = x**3 + 27*x**2 - 57*x + 55. Determine r(-28).
867
Let c(y) = 3*y**3 + 504*y**2 + 1002*y + 996. Determine c(-166).
0
Let c(y) = -2162*y - 25930. Determine c(-12).
14
Let h(u) = -u**3 - 3*u**2 + 10*u + 21. Give h(-4).
-3
Let b(s) = -7*s**3 + 9*s**2 + 54*s - 112. Give b(2).
-24
Let p(j) = -40*j - 487. Determine p(-14).
73
Let j(v) = 11*v**2 + 29*v + 77. Give j(-3).
89
Let b(f) = -502*f - 52776. Calculate b(-105).
-66
Let l(p) = p**3 + p**2 - 13*p - 32. Calculate l(-5).
-67
Let n(j) = 884*j + 29188. Give n(-33).
16
Let t(c) = 90*c - 11159. Give t(124).
1
Let i(v) = -v**3 + 32*v**2 + 155*v + 37. Calculate i(-4).
-7
Let b(w) = 2*w**2 - 69*w + 11. What is b(31)?
-206
Let v(t) = -42*t - 1481. What is v(-36)?
31
Let f(z) = -517*z + 1000. Calculate f(2).
-34
Let c(k) = -511*k + 5581. What is c(11)?
-40
Let q(w) = -w**3 + 38*w**2 - 30*w - 262. Give q(37).
-3
Let c(n) = -3*n**2 - 280*n + 1380. Give c(5).
-95
Let b(z) = -906*z**2 - 114*z + 113. Determine b(1).
-907
Let t(o) = 2*o**3 + 12*o**2 - 10*o - 14. Calculate t(-6).
46
Let n(r) = 5*r**2 - 89*r + 6. Give n(20).
226
Let m(j) = -2*j + 34. Determine m(-16).
66
Let j(f) = 114*f - 9682. Calculate j(85).
8
Let j(v) = 3*v + 109. What is j(47)?
250
Let n(h) = -2*h**3 - 96*h**2 - 98*h - 171. What is n(-47)?
17
Let a(i) = 5*i**3 + 139*i**2 + 238*i + 126. Give a(-26).
22
Let x(w) = -38*w - 112. Determine x(-13).
382
Let f(a) = 50*a - 76. What is f(3)?
74
Let t(j) = j**2 + 51*j + 419. What is t(-10)?
9
Let x(t) = t**3 - 8*t**2 + 18*t - 6. Give x(4).
2
Let r(s) = -s**3 - s**2 - 281*s - 28. Calculate r(0).
-28
Let s(a) = -325*a - 2048. What is s(-7)?
227
Let x(q) = -278*q + 166